 the remainder when 99 is divided by r?
31
What is the remainder when (2030 - (-1 + 9)) + (0 - 9) is divided by 224?
221
Suppose 4*h - 20 = 0, 3*z = 4*z + 4*h - 209. Suppose z + 41 = 5*x. Let n = -29 + 53. Calculate the remainder when x is divided by n.
22
Let f = 17 + -12. Let o = -20 + 391. Let h = -357 + o. Calculate the remainder when h is divided by f.
4
Suppose 16 = 2*o + 5*g - 2 - 6, 5*g = 0. What is the remainder when 1606 is divided by o?
10
What is the remainder when 8151/(33/(-3))*-2 is divided by 48?
42
Suppose -35*t = -534 + 9. Calculate the remainder when 597 is divided by t.
12
Let b(y) = -y**3 - 17*y**2 - 30*y - 207. Calculate the remainder when 88 is divided by b(-16).
3
Let y = -9 + 9. Suppose -16*v + 20*v - 76 = 0. Calculate the remainder when y - (-1116)/15 - 4/10 is divided by v.
17
Suppose 79797 - 297048 = -239*m. Calculate the remainder when m is divided by 129.
6
Suppose -15 = -8*h + 9. What is the remainder when (8/24)/(1136/378 - h) is divided by 32?
31
Let g = 38748 + -38706. Calculate the remainder when 662 is divided by g.
32
Suppose 66 = 9*a - 114. Let s be (-67)/(-2) - 30/a. Suppose 143 = 5*l - s. What is the remainder when 67 is divided by l?
32
Suppose 0 = 5*r + 5*b - 70, -2*r = 7*b - 8*b - 40. Suppose 25*x = r*x + 238. Suppose 2*g = 6*g - 264. Calculate the remainder when g is divided by x.
32
Let m(r) = -110*r + 11013. Let h = 27 + -18. Calculate the remainder when m(99) is divided by h.
6
What is the remainder when 234 is divided by 2550/612*6/1?
9
What is the remainder when 22543/7 + (3 - ((-288)/(-28))/3) is divided by 62?
58
Let r(u) = 2*u**3 - 2*u**2 + 6*u - 3. Suppose -435*k + 8167 = -1838. Calculate the remainder when r(5) is divided by k.
20
Suppose -153 = -4*x - 3*f, -x + 47 = f - 2*f. Calculate the remainder when 2645 is divided by x.
41
Let b = -21 + -152. Let q = 192 + b. What is the remainder when 34 is divided by q?
15
Let j = -111 - -84. Calculate the remainder when (-1149)/j + (-12)/(-27) is divided by (-1 + 0)/(5/(-120)).
19
Suppose 2012*i - 181*i - 42068 = 213*i. Calculate the remainder when (23/(-2))/((-2)/12) is divided by i.
17
Let q(h) = -4*h**3 - h**2 + 2*h + 1. Let x be 11/(11/(-4)) + (2 - 0). Let p be q(x). Suppose 29*k - p*k = 36. What is the remainder when 41 is divided by k?
5
Calculate the remainder when 297 is divided by (96/60)/(-4) - (-214)/10.
3
Suppose 20*w = -4 + 64. What is the remainder when 231 is divided by w*(-1)/(-9) + (-7360)/(-96)?
0
Suppose t = 2*f - 11, 0*f + 4*t + 32 = 5*f. What is the remainder when 48 is divided by f/(2/(4 + (3 - 0)))?
6
Let k = 11321 + -11315. Calculate the remainder when 74 is divided by k.
2
Let g(h) = 20*h**3 + 4*h**2 + 4*h - 2. Calculate the remainder when g(4) is divided by 50/(1899/(-36) - -54).
38
Let y(b) = -17*b - 37. Let t be y(-3). Suppose t = -7*a + 21. Calculate the remainder when 1 is divided by a.
0
Suppose 56*u + 459 = 65*u. Let m(t) = 13 + 2*t - 8*t + 0 + 3*t**2. What is the remainder when m(-8) is divided by u?
49
Suppose 6 = -10*f + 7*f, 0 = -2*k + 4*f + 54. Calculate the remainder when 182 is divided by k.
21
Let n(f) = 89*f**2 + 11*f - 1. Let l be n(2). Let b = -364 + l. Calculate the remainder when 452 is divided by b.
10
Let q(u) = -2 - 10*u + 8*u**3 - 16 - 11 + 5*u**2 - 9*u**3 + 7*u**2. Calculate the remainder when q(9) is divided by 66.
58
Suppose 5*z - 2*g - 121 = -1, -5*g = -4*z + 113. What is the remainder when (-4)/(12/(-163)) - z/66 is divided by 35?
19
Suppose 2*c = 5*c + 600. Let l = c + 228. Calculate the remainder when l is divided by 6.
4
Let k be 0*(-1 - -3)/4. Suppose y - 18 = -5*u, 5*y + 5*u = -k*y + 70. What is the remainder when ((-12)/3)/((2/(-5))/((-1416)/(-295))) is divided by y?
9
Let u(o) = 4*o**2 - 62*o - 24. Suppose 29*k + k = 480. Suppose 5*n = 5*c, -3*n + 19 = 4*c - 2. Calculate the remainder when u(k) is divided by n.
2
Let w(r) = -29 - 85 - 701*r**2 - 59*r + 708*r**2. Calculate the remainder when w(-2) is divided by 9.
5
Let s = -5646 + 7193. Calculate the remainder when s is divided by 196.
175
Let n(s) = s**2 - 5*s - 1. Let y = -1106 - -1601. Calculate the remainder when y is divided by n(-7).
80
Suppose 0 = 4*d - 2*x - 15504, 6*d - 8*d + 4*x + 7752 = 0. Calculate the remainder when d is divided by 10.
6
What is the remainder when (9/(-6))/((-2)/92) is divided by 2870/861 - 20/(-3)?
9
Let l(x) = -x**3 - 4*x**2 + 4*x + 22. Suppose 3*u - 5 = 31. Calculate the remainder when l(-6) is divided by u.
10
Suppose 0 = -4*l + 2*g - 54, 4*l + 30 = -5*g - 3. Suppose -3*t - t = -64. What is the remainder when 32/l*93/(-4) is divided by t?
14
Let n = 156 + -158. Calculate the remainder when 169 is divided by (3/n)/(6/(-232)).
53
Let h(s) = 636*s + 1314. What is the remainder when 1115 is divided by h(-2)?
23
Let k(p) = p**2 - 4*p + 28. Calculate the remainder when 605 is divided by k(8).
5
Suppose -q = 5, -2*a - q - 15 = 2*q. Let b = 83 + a. Let k = 95 - b. What is the remainder when 107 is divided by k?
11
What is the remainder when 54 is divided by (-234)/(-130) - 272/(-10)?
25
Suppose -6061 + 50664 = 55*h + 1538. What is the remainder when h is divided by 16?
15
Calculate the remainder when 238 is divided by (-3713)/(-237)*(1 + -2)*-3.
3
Let f = -10 - -15. Suppose 4*d + 3*t = 2*d + 11, -3*d + f*t + 7 = 0. What is the remainder when 24 is divided by d + (13 - (4 - 0))?
11
Suppose 0 = -8*a - 14 + 222. Let w(s) = -s**2 + 5*s + 17. Let v be w(7). Calculate the remainder when a is divided by 6 + (7 - v) + -6.
2
Suppose 3*a - 31 = 11. Let j(r) = 12*r + 53. Let u be j(-20). Let q = -119 - u. Calculate the remainder when q is divided by a.
12
Let t = -93 - 5. Let v = -30 - t. Suppose 0 = 119*x + 116*x - 272*x + 518. What is the remainder when v is divided by x?
12
Suppose 3*o - 77 = 589. Suppose 5*a + 42 = o. Suppose 8*m = -11 + 179. Calculate the remainder when a is divided by m.
15
Let c = 109 + -100. Let b(p) = 4*p**3 + 2*p - 1. Let l be b(1). Suppose -3*z + 7 = -l. Calculate the remainder when c is divided by z.
1
Let g be 167/2*((-1)/(-1) - 3). Let d = g - -289. Suppose -85 = -4*f + w, 0*f - 4*w = 5*f - d. Calculate the remainder when f is divided by 12.
10
Suppose -58*s = -400 - 3254. Let m = -737 + 770. Calculate the remainder when s is divided by m.
30
Suppose -22*v = 31*v + 49*v - 1224. Let t = 3 - -14. What is the remainder when t is divided by v?
5
Let y(w) = -32 + 18*w - 3*w + w + 4*w - w**2. What is the remainder when 6 is divided by y(18)?
2
Let x = -2878 - -2931. Calculate the remainder when 310 is divided by x.
45
Suppose -3*v - 120 = -4*q - 171, -3*q = 3*v - 30. Calculate the remainder when 421 is divided by v.
5
Calculate the remainder when (-55686)/(-12)*(9 - 7)*1 is divided by 26.
25
Let x be 16/(-168)*3*-7. What is the remainder when (-4655)/70*-1*x is divided by 68?
65
Calculate the remainder when 40521/117 - (-5)/3 is divided by 35.
33
What is the remainder when 358 is divided by (-222)/148*(-240)/9?
38
Let s(u) = 231*u + 15. Let l(d) = 2*d**2 + 6*d - 18. Let b be l(-5). Calculate the remainder when s(b) is divided by 20.
17
Let y = 52 - 36. Let p(o) = -o + 21. Let k be p(-7). Suppose -t - y = -k. Calculate the remainder when 58 is divided by t.
10
Suppose -4 = 2*p, 4*h - p - 3*p = 32. Suppose -w + 4 = 0, -9*w + 11*w = -4*a + 108. What is the remainder when (-4)/h + 572/12 is divided by a?
22
Suppose 22*k + 53*k - 19536 - 9339 = 0. Calculate the remainder when k is divided by 7.
0
Suppose -o - 8 + 93 = 0. Let l(t) be the second derivative of -4*t**3/3 - 83*t**2/2 + t + 3. What is the remainder when o is divided by l(-14)?
27
What is the remainder when (-524)/(-4) + 12/(-3) + 1 is divided by (16/(-4) + 5)*11?
7
Let r = 14291 - 14149. Calculate the remainder when 144 is divided by r.
2
Calculate the remainder when 258 is divided by (82110/18)/23 - 6/(-9).
59
Suppose -3*d = -3*s - 174, -174 = 2*s - 170. Calculate the remainder when 666 is divided by d.
50
Let s = 122 + -136. Let q = s + 20. What is the remainder when 9/12 - 471/(-12) is divided by q?
4
Let y(k) = 5*k**3 - 18*k**2 + 5*k + 3. Let j be y(5). Let a = j + -157. Suppose q = -3*z + 2, 4*q = z + 13 + 60. What is the remainder when a is divided by q?
12
Suppose 14*v + 44*v - 227772 = -56*v. Calculate the remainder when v is divi